f - f + 5 = 0, -4*f = -2*x + 532. Let t be ((-28)/6)/((-22)/x). Suppose -t = -2*c + 846. Is c composite?
True
Is 174 + 8/2 + 9 composite?
True
Let w(v) be the second derivative of 0 + 41/6*v**3 - 3/2*v**2 - 8*v. Is w(4) a prime number?
False
Let w(r) = r**2 - r - 1. Let b(m) = -103*m**2 + 7*m + 6. Let d(k) = -b(k) - 5*w(k). Let y be d(-1). Suppose -3*a = -0*a - y. Is a a prime number?
False
Let m be 2 + -1 - (1 - 3884). Suppose -5*r = 4*j - m, 1983 = 4*r - 5*j - 1116. Suppose 6*c - r = 994. Is c a composite number?
True
Let n = 1097 + -388. Is n composite?
False
Let f(h) = h**2 + 2*h + 28. Let b be f(0). Suppose b*a + 4444 = 32*a. Is a a composite number?
True
Suppose -2*j = -4*h - 544, -272 = -3*j + 2*j - 2*h. Let s be 70/17 - 22/187. Suppose s*p + j = 2436. Is p a composite number?
False
Suppose -5*l + 13567 = -8478. Is l a prime number?
True
Suppose 15 = -5*l - 10. Suppose 0 = -4*t + 104 + 56. Is (-8)/t + (-886)/l a prime number?
False
Let l be 0 - 825 - 3 - 1. Let y = 2088 + l. Is y a prime number?
True
Suppose -2*q - 3*q - 25 = 0. Let z be 21/3 - (-4 - q). Let d(i) = 10*i**2 + 7*i + 5. Is d(z) a composite number?
True
Let d = -49 - -52. Suppose r - 2*n = -0*r + 1075, d*r = 2*n + 3237. Is r a composite number?
True
Let w(q) be the first derivative of 0*q - 67/2*q**2 + 9. Is w(-5) a composite number?
True
Let j(m) = -126*m - 6. Let o be j(4). Let h = 891 + o. Is h composite?
True
Let x(b) = -b**3 + 4*b**2 + 1. Let l be x(3). Let q be (-8)/(-40) + 3148/l. Suppose q + 1030 = 5*z. Is z prime?
True
Let o be (-6)/(-8) - ((-91998)/24 - -2). Is (-1)/3 - o/(-12) composite?
True
Suppose f + 2*f - 18 = 0. Suppose z + 2349 = -3*p, 0*z + 9351 = -4*z - 3*p. Is 1/f + z/(-36) a prime number?
False
Suppose -4*m - 3 = -11. Let d be (-8)/m*6/(-8). Suppose -z - 298 = -d*z. Is z a prime number?
True
Let y(p) = -2*p + 4. Suppose 2*d = 5*a + 4*d - 30, 5*d + 25 = 0. Let v be y(a). Let s = 26 + v. Is s composite?
True
Let g(b) = 634*b - 3. Let v be (-22)/(-77) + (-52)/(-14) - 3. Is g(v) prime?
True
Let l(a) = 127*a**2 - 2*a - 82. Is l(-7) composite?
True
Is (-4)/(-12) + 298804/33 composite?
True
Suppose 2*r - m = m - 20, -42 = 5*r - 3*m. Let u be 3441/4 + r/24. Is 2/14 + u/7 composite?
True
Is ((-2)/(-6))/((-17)/(-2003943)) a prime number?
True
Is (-22284)/(-10) + 2 + 114/190 a composite number?
True
Suppose 3*z = 9*z. Suppose v = -2*v + 12, z = 5*k + 4*v - 2611. Is k composite?
True
Suppose 5*z + 3963 + 3644 = 3*o, 0 = -2*o + 3*z + 5072. Is o a prime number?
True
Let v = 10153 - 4416. Is v composite?
False
Let v = 30753 - 16302. Is v composite?
True
Suppose -a = -3*l - 191, 3*a - 319 = 5*l + a. Let w = l - -92. Let o = w + -27. Is o a prime number?
True
Let f(a) = 223*a - 2. Let x be f(-2). Let b = -297 - x. Let p = 238 - b. Is p prime?
False
Suppose -2*f - 2902 = -2*u + 4*u, -4*f + 2*u = 5792. Let o = f + 2311. Is o a prime number?
False
Suppose -6*c = -4*r - c + 5797, -r + 4*c = -1463. Let n = -746 + r. Is n a prime number?
False
Suppose 3*w = -2*h + 129, 0 = 2*h + w - 105 - 22. Let i = 8 + -10. Let d = h - i. Is d prime?
False
Suppose 1 + 1 = 2*n. Suppose 5*x - 106 + n = 0. Is x a composite number?
True
Suppose 2*s + s = 63. Is 8/(-14) - ((-10596)/s + 2) composite?
True
Let g(p) = p**2 - 11*p + 14. Let l be g(10). Suppose 700 = 4*s + 3*d, l*s - 3*d = -d + 720. Is s a prime number?
False
Suppose 4*o = -2*c + 32, -c - c + 8 = 0. Suppose 0 = o*l - 4*l - 118. Let x = l + -22. Is x composite?
False
Let c = -243 + 602. Is c prime?
True
Suppose 3*m + 3*w = 55614, -m - 14*w = -17*w - 18542. Is m prime?
True
Let c = -5283 - -12442. Is c a composite number?
False
Let f = -5 + 0. Let y(i) = -5 + 7*i + 3 + 5*i**2 + 4 + 5. Is y(f) composite?
False
Let o be (2 + 20/(-2))/(-1). Suppose o = -5*c + 853. Let v = 854 - c. Is v a prime number?
False
Let c = -51 - -101. Is 180/c + -4 - 13137/(-5) a prime number?
False
Let w(c) = -2*c**3 - 19*c**2 + 14*c + 8. Is w(-11) composite?
True
Let f = 16 + -19. Is (1/2)/((1 + f)/(-364)) composite?
True
Let w be (-52)/(-13)*7/2. Is (w/(-4))/(7/(-4298)) a composite number?
True
Let k(b) = -2 + 644*b + 609*b + 297*b - 437*b. Is k(1) prime?
False
Suppose 0 = -5*p - 4*o + 32, -3*p + o = -3*o. Suppose -p*h + 164 + 112 = 0. Is h a prime number?
False
Let n = 10 - 9. Suppose 3*r = -n + 19. Let k(j) = 18*j - 11. Is k(r) prime?
True
Let f be (0 - (-351)/3) + 2. Is 141899/f - (-8)/14 prime?
True
Let v be 3/(4*(-3)/(-12)). Suppose -l = w + 5, 8*w - v*w + 25 = -4*l. Suppose -5*m + 4*d + 225 = 0, 103 = 2*m - l*d + d. Is m a composite number?
True
Let z(p) = p**2 - 7*p + 8. Let g be z(6). Let b(l) = g*l**2 + 8*l**2 - 8*l - l**3 + 0*l - 7. Is b(6) a prime number?
True
Let l be ((-718)/(-2))/((-1)/7). Let c = -1044 - l. Is c a composite number?
True
Let g(c) = 10*c**2 + c + 20. Suppose -4*o - 5*y = -3, y - 8 = o + 4*y. Is g(o) a composite number?
True
Suppose s + 4*g = 11, 4 = 5*s - 5*g - 1. Suppose -5*i + 31 = s*l - 0*i, -5*i = -4*l - 17. Is ((-1940)/(-8))/(l/4) a prime number?
False
Let m = -12188 - -22111. Is m a composite number?
False
Let c = -3 + -30. Let q = c + 33. Suppose q = -0*v - v + 397. Is v a composite number?
False
Suppose -5 = j, 11*w + 2*j = 7*w + 8242. Is w a prime number?
True
Let w(j) = 5470*j**3 - 9*j**2 + 11*j - 1. Is w(1) a prime number?
True
Let z be 6/(-9) - 26*4/24. Is -936*12/(-8) - z prime?
True
Suppose 2*a + 4*z + 8 = 0, -4*a - 5*z - 8 = 2. Let g = 29 + a. Is (g/(-2))/((-1)/14) prime?
False
Let t = -89079 + 134834. Is t a prime number?
False
Suppose 3*g - 39 = 3. Suppose g*j = 10*j + 4328. Is j composite?
True
Suppose -168 - 5370 = -6*u. Is u a composite number?
True
Suppose -190781 = 14*t - 737607. Is t a composite number?
True
Suppose 11 = 4*d - 1. Suppose -a + 209 = d. Is a a composite number?
True
Suppose 0 = -21*y + 176878 - 19021. Is y prime?
True
Let u be (-25)/5 - (0 + (-2)/1). Let p(y) = 24*y**2 - 5*y + 4. Is p(u) prime?
False
Is (1 + 2544/(-30))*-265 composite?
True
Is -7584*(-39)/6 - (-3)/3 composite?
False
Let o = 11825 + -5492. Is o composite?
True
Suppose 4 = -2*d, -5*a - 5*d - 1 + 26 = 0. Let q(r) = 2*r**2 - 7*r - 10. Is q(a) prime?
False
Let j = -19129 + 28716. Is j a composite number?
False
Suppose -3*v - 5900 = -h, 0*v - 7884 = 4*v + 3*h. Let t = 3367 + v. Is t a prime number?
True
Suppose -u - 5*k + 2*k - 2 = 0, -k = 4*u + 19. Let h(s) = -16*s + 3. Is h(u) composite?
False
Let w(v) = -v**2 - 3*v. Let g be w(-2). Let c = 16 + 20. Is c*1/g - -3 a prime number?
False
Suppose -116*t = -147*t + 26009. Is t a composite number?
False
Suppose -3*m = -2*h + 15953, 4*h - 20298 - 11635 = -3*m. Is h prime?
False
Let q = 1939 - 1316. Is q prime?
False
Suppose 0 = 46*a - 37*a - 41157. Is a composite?
True
Let t be 4/(-1 + (-1 - -1)). Let d be t/(-2)*165/2. Suppose g - 2*k = -0*g + d, 0 = -2*g - 4*k + 290. Is g prime?
False
Suppose -5*k - 1948 = -n, -14*k = -4*n - 19*k + 7917. Is n a prime number?
True
Let t(f) = 1892*f**2 - 3*f + 11. Is t(-5) a composite number?
True
Is -40022*((-12)/84)/(4/14) prime?
True
Let r = 82 + 502. Suppose 0 = 5*u - r - 111. Is u composite?
False
Let m be (-1)/(4/8*2). Let j(c) = -3*c. Let n be j(m). Is 142 - (-4 + n)/(-1) a prime number?
False
Suppose -52*v - 2509081 = -69*v. Is v a prime number?
False
Let g be (-2)/(-3)*3 - -2. Let w = 34 - 29. Suppose -3*m + 2*m - g*k + 409 = 0, 0 = -w*m - k + 2064. Is m prime?
False
Suppose -3*u + 1337 = -4*n - 4334, 0 = 2*n - 4. Is u composite?
True
Let g = 64415 + -10212. Is g composite?
True
Suppose 125924 = -15*l + 19*l. Is l a prime number?
True
Let w = 6 + -4. Suppose -6 = -5*t + w*t. Suppose -t*o - 2 = 0, 2*h = h + 4*o + 41. Is h a prime number?
True
Let m(j) = 21*j**2 - 4*j + 91. Is m(-12) a composite number?
False
Suppose 609 = 7*l + 238. Is l prime?
True
Suppose 2*u - 3 = i - 2, -5*u + 5 = -2*i. Suppose 0*y - 4*q + 34969 = i*y, -3*y - 5*q = -20971. Is y composite?
False
Suppose 0*l + l = z + 17712, -2*z = 3*l - 53111. Is l a prime number?
True
Let v = -83718 - -119447. Is v a composite number?
False
Suppose -4*w - 9 = 15. Is -1 + 417 + w/(-8)*-4 composite?
True
Let v be (-12)/28 - 38/(-7). Suppose -4*o - 111 = -3*u - 25, 3*u - v*o - 88 = 0. Let i = 8 + u. Is i a prime number?
False
Let z(s) = 24*s**2 - 3*s + 4. Suppose 4*m = -3*x - 0*x - 92, 5*m